10
In base 12, what is -5 + 59?
54
In base 12, what is 49 - 5?
44
In base 5, what is 3144 - -2?
3201
In base 7, what is -4 - -26?
22
In base 4, what is 10000 - 1200?
2200
In base 3, what is 10 + 0?
10
In base 16, what is -ab8 + -2?
-aba
In base 7, what is -13 - 220?
-233
In base 7, what is -5 + 50?
42
In base 13, what is 597 + 9?
5a3
In base 6, what is -225 - 105?
-334
In base 7, what is -501 - -5?
-463
In base 9, what is -2 - -4682?
4680
In base 6, what is 110 + 5?
115
In base 7, what is 5 + 52?
60
In base 7, what is -5 + -135?
-143
In base 5, what is 1301 - 0?
1301
In base 9, what is -210 - 12?
-222
In base 16, what is 5b + 50?
ab
In base 10, what is -4 + 19?
15
In base 14, what is c - 128?
-11a
In base 4, what is -33 - 20031?
-20130
In base 8, what is 10 - 742?
-732
In base 4, what is 0 - -131?
131
In base 10, what is 3 - -240?
243
In base 11, what is -4 + -671?
-675
In base 9, what is -16 - 38?
-55
In base 13, what is -242 + 28?
-217
In base 2, what is -11000111 + -101?
-11001100
In base 3, what is 10220 + 11?
11001
In base 13, what is -16 - 13?
-29
In base 6, what is 52 - 2001?
-1505
In base 14, what is -9 + -b?
-16
In base 8, what is -4 + -323?
-327
In base 12, what is 8a1 + 6?
8a7
In base 4, what is 2 + 210030?
210032
In base 14, what is -4 - -23?
1d
In base 15, what is -18 - -32?
19
In base 9, what is 178 - 0?
178
In base 15, what is 1 + 2e2?
2e3
In base 13, what is -7 - 377?
-381
In base 2, what is -100 - -101011?
100111
In base 5, what is 14 + -240?
-221
In base 13, what is -7 + -314?
-31b
In base 2, what is -1111 - -110?
-1001
In base 10, what is -28 + 285?
257
In base 9, what is -11 + 2?
-8
In base 10, what is 2 - -1954?
1956
In base 3, what is 11210 - 0?
11210
In base 8, what is -703 + 2?
-701
In base 9, what is 14 - 27?
-13
In base 13, what is 3a9 + -21?
388
In base 15, what is -2 + 9?
7
In base 9, what is 173 - 14?
158
In base 11, what is -24 - -9?
-16
In base 11, what is -1 + -27a?
-280
In base 13, what is 3a6 - -1?
3a7
In base 3, what is 1101112 - 0?
1101112
In base 3, what is -21011 + -2?
-21020
In base 13, what is 4ac + 1?
4b0
In base 13, what is -15a3 + -5?
-15a8
In base 15, what is -53c - -2?
-53a
In base 11, what is 4 - 185?
-181
In base 2, what is -11001011 - -101?
-11000110
In base 3, what is -110 + 222?
112
In base 12, what is 2 - -28?
2a
In base 3, what is 21220120 + -2?
21220111
In base 5, what is 3 + -2144?
-2141
In base 16, what is -4 - 26?
-2a
In base 11, what is -5 - 4?
-9
In base 11, what is -1 - -3a3?
3a2
In base 14, what is -1d54 + 3?
-1d51
In base 12, what is -5 - 17?
-20
In base 14, what is 103 - -4?
107
In base 10, what is 8 - -4?
12
In base 13, what is -4 - -b3b?
b37
In base 6, what is 2 - 214?
-212
In base 15, what is -51 - -6a?
19
In base 11, what is 22 - -15?
37
In base 4, what is -212 - -20?
-132
In base 5, what is 412 + 10?
422
In base 5, what is 3 - -2002?
2010
In base 5, what is 1112 - 0?
1112
In base 14, what is 2 - a5b?
-a59
In base 3, what is 2222 + -112?
2110
In base 14, what is -c18 - 5?
-c1d
In base 15, what is -42e9 + -2?
-42eb
In base 4, what is -3003 + -110?
-3113
In base 14, what is -4 + -34?
-38
In base 7, what is 10643 - -3?
10646
In base 12, what is -4 + 27?
23
In base 12, what is -14 + 2?
-12
In base 12, what is -203 + 1?
-202
In base 3, what is -20 - 202100?
-202120
In base 7, what is 46 - 5?
41
In base 3, what is -11 - -1100011?
1100000
In base 13, what is -21 - -40?
1c
In base 8, what is -3 + -13?
-16
In base 4, what is 1010 + -332?
12
In base 8, what is 2 + -64?
-62
In base 9, what is 1 - 6?
-5
In base 14, what is -19c + 9?
-193
In base 7, what is -62 - 5?
-100
In base 15, what is 4 - c0?
-bb
In base 5, what is -1441 - -1?
-1440
In base 3, what is 0 - 220?
-220
In base 7, what is -31 + 16?
-12
In base 10, what is -360 - 1?
-361
In base 2, what is 10010 - -11110011?
100000101
In base 3, what is 101222 + 2?
102001
In base 4, what is -10 - -12330?
12320
In base 15, what is -1 - 62?
-63
In base 5, what is 100 + 334?
434
In base 15, what is 7a - -5?
80
In base 15, what is 7 + 10e?
116
In base 14, what is 0 - -9a?
9a
In base 2, what is 111010 - 10?
111000
In base 7, what is 2605 - 0?
2605
In base 2, what is -111 - 101011?
-110010
In base 11, what is -1 + -4?
-5
In base 3, what is -12 - -1212001?
1211212
In base 7, what is -2 - 230?
-232
In base 9, what is -6 - 86?
-103
In base 9, what is 7676 + -1?
7675
In base 13, what is b3 - 63?
50
In base 12, what is -1 + 1037?
1036
In base 6, what is 144 - -24?
212
In base 9, what is 0 + 1137?
1137
In base 16, what is 3 + -1b?
-18
In base 8, what is -1437 + 2?
-1435
In base 8, what is 2565 + 12?
2577
In base 10, what is -13 + -17?
-30
In base 14, what is -1 + -15?
-16
In base 15, what is 6 - -41?
47
In base 7, what is -61 + -12?
-103
In base 12, what is -5 - -12?
9
In base 13, what is 1b5 + 3?
1b8
In base 12, what is -4 - -4?
0
In base 13, what is 151 - 5?
149
In base 16, what is 2 + a3?
a5
In base 10, what is 84 + -27?
57
In base 6, what is 5 + -523?
-514
In base 13, what is 89 + -2?
87
In base 16, what is 3b + 48?
83
In base 10, what is -362 - 4?
-366
In base 14, what is -5 - 38a?
-391
In base 15, what is -77 - -2c?
-4a
In base 3, what is 2210020 + 0?
2210020
In base 9, what is 1247 + 2?
1250
In base 15, what is -6 - 191?
-197
In base 11, what is 26 - -9?
34
In base 13, what is 0 + 10?
10
In base 10, what is -3 - -9?
6
In base 10, what is -202 + -16?
-218
In base 16, what is -275 + -a?
-27f
In base 4, what is -11 + 1033?
1022
In base 11, what is 1a3 - -34?
227
In base 13, what is -272b + 5?
-2726
In base 12, what is -5 + -82?
-87
In base 6, what is 4 - 20453?
-20445
In base 14, what is -6 - -29?
23
In base 9, what is 102 + -323?
-221
In base 15, what is -1 - 14?
-15
In base 14, what is -79 + 0?
-79
In base 5, what is -1 - 21041?
-21042
In base 14, what is -16c + -8?
-176
In base 7, what is 250 - 5?
242
In base 4, what is 1 - -22?
23
In base 3, what is 11 + 10101?
10112
In base 13, what is -4 + -8?
-c
In base 12, what is 71 + 3?
74
In base 12, what is 526a + 2?
5270
In base 6, what is -15 + 40?
21
In base 13, what is a + -140?
-133
In base 16, what is -7 + -d84?
-d8b
In base 5, what is -412 + -2?
-414
In base 12, what is -4 + 1?
-3
In base 14, what is -4 - -94?
90
In base 15, what is 6c + 17?
84
In base 5, what is 10 - 412?
-402
In base 12, what is 2 + -41?
-3b
In base 6, what is -514 + -1?
-515
In base 3, what is 0 + -11011?
-11011
In base 5, what is 1 - -311?
312
In base 6, what is 23 - 1?
22
In base 7, what is -525 - -26?
-466
In base 3, what is 101 - 120?
-12
In base 5, what is -11 + -30?
-41
In base 15, what is -56 + 4e?
-7
In base 16, what is -1 - -6a?
69
In base 5, what is 31 - -124?
210
In base 8, what is 1161 - 3?
1156
In base 8, what is 622 - 4?
616
In base 9, what is 77 + 40?
127
In base 3, what is 122 + -220?
-21
In base 14, what is -51 + -3?
-54
In base 8, what is -3 + 34?
31
In base 4, what is -13 + 2111?
2032
In base 4, what is -21322 - 10?
-21332
In base 8, what is -1 - -1055?
1054
In base 2, what is 101000010 + 11?
101000101
In base 14, what is -28 + -b?
-35
In base 4, what is 3 + -123?
-120
In base 9, what is 17 - -10?
27
In base 2, what is 11 - 1001100111?
-1001100100
In base 3, what is -2 + -1121?
-1200
In base 3, what is 2002001 - -1?
2002002
In base 15, what is c34 + -3?
c31
In base 14, what is -6 - 4?
-a
In base 7, what is 1153 + -11?
1142
In base 12, what is 0 + -343?
-343
In base 10, what is -2265 + 5?
-2260
In base 14, what is 6ab + -5?
6a6
In base 3, what is 1020021 + -2?
1020012
In base 15, what is 7 - -33?
3a
In base 7, what is -564 + 0?
-564
In base 2, what is 10010010100100 - 0?
10010010100100
In base 15, what is -1 + b1?
b0
In base 10, what is 937 + 22?
959
In base 4, what is 1 + -1?
0
In base 5, what is 4 - 1243?
-1234
In base 13, what is 3144 - 4?
3140
In base 3, what is 202 - -22?
1001
In base 7, what is 5 - 1243?
-1235
In base 5, what is 1 - 4141?
-4140
In base 8, what is 114344 - 4?
114340
In base 13, what is 28 + 16?
41
In base 9, what is -4 + 374?
370
In base 13, what is 134 + 2?
136
In base 6, what is 3 + -1324?
-1321
In base 13, what is -89 - 3?
-8c
In base 2, what is -1000000010001 - -11?
-1000000001110
In base 8, what is 50 + 4?
54
In base 6, what is 144 - 2?
142
In base 13, what is -1 - 451?
-452
In 